and 2103?
3
Calculate the highest common factor of 4160 and 3216200.
520
What is the greatest common divisor of 285 and 11856?
57
What is the greatest common factor of 7974 and 2502?
18
Calculate the greatest common factor of 6588 and 1503.
9
What is the highest common divisor of 188637 and 7037?
227
Calculate the greatest common divisor of 194815 and 235.
235
What is the highest common factor of 16928 and 2392?
184
What is the greatest common factor of 65247 and 294?
21
What is the highest common divisor of 2937968 and 16?
16
Calculate the highest common factor of 229782 and 56.
14
Calculate the highest common factor of 4824 and 2808.
72
What is the greatest common factor of 303 and 8989?
101
What is the highest common divisor of 2732 and 288?
4
Calculate the greatest common divisor of 19046 and 356.
178
What is the highest common divisor of 461846 and 418?
22
Calculate the greatest common divisor of 562 and 385813.
281
What is the greatest common divisor of 792 and 2012472?
792
What is the greatest common factor of 18216 and 142968?
552
What is the greatest common divisor of 98287 and 399?
133
Calculate the highest common factor of 178592 and 4.
4
Calculate the highest common factor of 19 and 31597.
19
Calculate the highest common divisor of 5876 and 8.
4
What is the highest common factor of 1473360 and 182?
14
What is the highest common divisor of 338157 and 144?
9
Calculate the greatest common divisor of 1276 and 28.
4
Calculate the greatest common divisor of 26329 and 14213.
233
What is the greatest common divisor of 14238 and 91?
7
What is the highest common factor of 93614 and 6?
2
Calculate the highest common factor of 10781 and 9.
1
Calculate the highest common factor of 6057 and 1575.
9
What is the highest common divisor of 262969 and 7?
7
What is the highest common factor of 16030 and 770?
70
Calculate the greatest common divisor of 19978 and 322.
14
Calculate the greatest common factor of 9 and 25281.
9
What is the greatest common factor of 220 and 4039552?
44
Calculate the greatest common factor of 58 and 20426.
2
Calculate the highest common factor of 55879 and 969.
323
What is the greatest common divisor of 24512 and 32?
32
What is the highest common factor of 8281 and 2873?
169
What is the greatest common factor of 1425540 and 80?
20
Calculate the highest common factor of 124448 and 4832.
32
What is the highest common divisor of 21006 and 108?
54
Calculate the highest common factor of 765 and 10575.
45
Calculate the highest common factor of 27995 and 1760.
55
What is the greatest common divisor of 1164 and 85263?
291
Calculate the highest common divisor of 3792 and 2160.
48
What is the greatest common divisor of 2401 and 2303?
49
Calculate the highest common divisor of 516474 and 882.
126
What is the highest common factor of 30 and 1290918?
6
What is the greatest common factor of 335 and 28575?
5
Calculate the highest common factor of 65842 and 126.
14
What is the greatest common divisor of 2384842 and 3882?
1294
Calculate the highest common factor of 12991 and 275.
11
What is the highest common divisor of 479704 and 122?
122
Calculate the greatest common divisor of 5 and 299645.
5
What is the highest common divisor of 176 and 2168?
8
Calculate the greatest common divisor of 2103300 and 2870.
410
Calculate the highest common divisor of 880 and 564520.
440
Calculate the highest common factor of 21328 and 26746.
86
What is the greatest common factor of 12036 and 428?
4
Calculate the highest common factor of 3680 and 85790.
230
Calculate the highest common divisor of 1128 and 17202.
282
What is the highest common factor of 54069 and 13181?
269
What is the highest common divisor of 1028 and 1686691?
257
What is the highest common factor of 1911 and 3705?
39
What is the greatest common divisor of 61260 and 75?
15
What is the greatest common divisor of 539 and 31948?
49
Calculate the greatest common divisor of 308 and 30954.
154
What is the greatest common divisor of 243 and 1269?
27
What is the highest common divisor of 693 and 133875?
63
What is the highest common factor of 385 and 2365?
55
What is the highest common factor of 400 and 85392?
16
What is the greatest common factor of 16850 and 19350?
50
What is the greatest common divisor of 21269 and 2?
1
Calculate the highest common factor of 2200 and 935.
55
What is the highest common divisor of 79791 and 6?
3
What is the highest common factor of 6894 and 24?
6
Calculate the greatest common divisor of 22489 and 8428.
43
Calculate the highest common factor of 1740 and 8.
4
What is the greatest common factor of 514 and 17254466?
514
What is the greatest common divisor of 849529 and 167?
167
Calculate the highest common divisor of 13608 and 999.
27
Calculate the highest common factor of 1679013 and 84.
21
What is the greatest common divisor of 16758 and 855?
171
Calculate the highest common divisor of 483038 and 34.
34
Calculate the greatest common factor of 2268 and 1.
1
What is the highest common divisor of 149058 and 112?
14
Calculate the highest common divisor of 966147 and 8190.
273
Calculate the highest common factor of 795549 and 646.
323
What is the greatest common factor of 149 and 1360817?
149
What is the highest common divisor of 492 and 55596?
492
What is the greatest common factor of 594 and 176?
22
What is the greatest common factor of 2291 and 2987?
29
What is the greatest common divisor of 4 and 1760812?
4
What is the highest common factor of 577779 and 6?
3
What is the greatest common divisor of 57405 and 430?
215
Calculate the greatest common factor of 689 and 24661.
13
What is the highest common divisor of 553 and 247112?
79
Calculate the highest common factor of 25395 and 45.
15
What is the greatest common divisor of 43608 and 448?
8
What is the highest common divisor of 30 and 1846335?
15
What is the highest common factor of 423613 and 37?
37
Calculate the greatest common factor of 504 and 5628.
84
What is the greatest common factor of 256 and 100?
4
What is the highest common factor of 899087 and 103?
103
What is the highest common factor of 96957 and 819?
63
What is the highest common factor of 20 and 109690?
10
What is the highest common divisor of 44981 and 155?
31
Calculate the highest common divisor of 3163353 and 251.
251
What is the greatest common divisor of 130009 and 1166?
583
What is the highest common divisor of 96836 and 172?
172
Calculate the greatest common divisor of 329154 and 34.
34
Calculate the highest common factor of 2600 and 104.
104
What is the highest common divisor of 1168 and 26608?
16
Calculate the highest common divisor of 25772 and 51.
17
What is the greatest common divisor of 4 and 94956?
4
Calculate the greatest common factor of 76 and 9633.
19
What is the greatest common divisor of 1606805 and 1455?
485
What is the highest common factor of 9087 and 585?
39
What is the highest common factor of 88767 and 4599?
63
Calculate the highest common factor of 65021 and 506.
253
What is the highest common divisor of 82 and 172487?
41
What is the highest common divisor of 127032 and 24?
24
What is the greatest common divisor of 90 and 8890?
10
What is the highest common factor of 740 and 479705?
185
Calculate the greatest common factor of 213 and 581419.
71
What is the greatest common factor of 230 and 1990?
10
Calculate the greatest common factor of 9077 and 464.
29
Calculate the highest common factor of 1486923 and 267.
267
Calculate the highest common divisor of 14 and 177877.
7
What is the greatest common factor of 64 and 133312?
64
What is the greatest common divisor of 668084 and 4?
4
Calculate the greatest common divisor of 263700 and 1300.
100
Calculate the greatest common factor of 28680 and 5640.
120
Calculate the greatest common divisor of 70066 and 106.
106
Calculate the highest common factor of 95 and 935655.
95
Calculate the highest common factor of 58599 and 2907.
153
What is the highest common divisor of 20444 and 76?
76
What is the greatest common factor of 10 and 3694?
2
What is the greatest common divisor of 19 and 12787?
19
Calculate the greatest common divisor of 88 and 20042.
22
What is the greatest common factor of 2052783 and 216?
27
What is the highest common factor of 118668 and 9207?
1023
Calculate the highest